 is the hundreds digit of c?
1
Let f(v) = -v + 2. Let q be f(0). Suppose 2*m = -0*n + 2*n + 26, -q*m = -n - 28. Let x = m + 43. What is the tens digit of x?
5
Suppose -2*z = 2*z + 3*d - 243, 3*d + 72 = z. What is the hundreds digit of (356/6 + -2)*z/14?
2
What is the hundreds digit of (-6 + 22 - 10)*(-212465)/(-66)?
3
Let b be 286/65 - (-12)/20. Let t be (-2)/(-8) + (-45)/(-12). Suppose v = -5*o + 20 - 2, -b*v + t*o = -235. What is the tens digit of v?
4
Let h(u) = -66*u**2 - 1. Let n be h(-1). Let w = n + 69. What is the tens digit of (75/(-9) + w - -3)*-6?
2
Let k(h) be the first derivative of -5*h**2 + 2/3*h**3 - 34 - 8*h. What is the units digit of k(11)?
4
Let n = -169 - -90. Let p = -74 - n. Suppose 3*b = -3*r + 2*r + 46, 0 = p*b. What is the units digit of r?
6
Let k = -31 + 34. Let f(w) = 198*w - 2. Let n be f(k). Suppose -16*q + 1760 = -n. What is the hundreds digit of q?
1
What is the tens digit of 1289450/111 + (-15)/9?
1
What is the units digit of 197694/33 + (-21)/(-77)?
1
Let i(n) = -n**3 - 6*n**2 + 3*n - 9. Let p be i(-7). Let v = 948 - p. What is the hundreds digit of v?
9
Let y = 6799 + -4751. What is the hundreds digit of y?
0
Let t(g) = -19*g**2 - 2*g + 20. Let o be t(-5). Let c = 280 - o. What is the tens digit of c?
2
Let t(j) = -13951*j - 27. What is the hundreds digit of t(-1)?
9
Let c(x) = -323*x**2 + 15*x - 20. Let k(o) = 107*o**2 - 5*o + 7. Let h(m) = -6*c(m) - 17*k(m). What is the units digit of h(2)?
7
Let d(n) = -4*n**2 + 7 + n**3 - 2*n**3 + 9*n**2. Let g = 11656 + -11651. What is the units digit of d(g)?
7
Suppose 1739 = t - 2*g, 0*g + 5*g = 3*t - 5221. Suppose -3*h - 4*c + 890 = -h, -4*h + t = -3*c. Let m = -208 + h. What is the hundreds digit of m?
2
Let b = -40 - -42. Suppose -2*z + b*i = -z - 3, z + 2*i = 3. Suppose -3*y + 9 = 0, -4*j = j - z*y - 6. What is the units digit of j?
3
Let l(i) = 6*i**3 - 17*i**2 + 59*i + 14. Let z(x) = x**3 - x**2 + x + 1. Let s(t) = l(t) - 5*z(t). What is the tens digit of s(11)?
8
Let i(q) be the third derivative of 2/3*q**3 + 0 + 5/24*q**4 + 1/30*q**5 - 22*q**2 + 0*q. What is the units digit of i(-2)?
2
Let a(i) = 49*i**2 + 20*i + 26. Suppose -40*l - 85 - 155 = 0. What is the tens digit of a(l)?
7
Let v(u) = -u**3 + 82*u**2 + 49*u - 263. What is the ten thousands digit of v(80)?
1
Suppose -7*s = -8*s + 2. Suppose s*m - 2*m - 4*m = 0. Suppose -2*h + 105 + 63 = m. What is the units digit of h?
4
Let y = 293 - 288. Suppose 0 = y*w - 966 - 1839. What is the hundreds digit of w?
5
Let u(r) = 8*r + 3. Suppose -2*g - 10 = -3*z - z, 0 = -4*z + 4*g + 4. Let a be u(z). Suppose -t = q + 4*q - a, -2*t + 70 = 5*q. What is the tens digit of t?
3
Let k(u) = -10*u**2 - 3*u**3 + 1 + 4*u**3 + 3 - 25*u + 3. Let o be k(12). What is the units digit of (-27)/(-45) + (-72)/o?
5
Let f(o) = 5 + 4*o**2 + 46*o - 58 - 9*o. What is the units digit of f(-20)?
7
Let i(t) = -t**3 + 49*t**2 + 12*t + 19. What is the thousands digit of i(48)?
2
Let i = -14538 + 24322. What is the thousands digit of i?
9
Let t = -506 - -729. Suppose 0 = 2*o - 5*j - t, -3*o - j + 272 = 4*j. What is the tens digit of o?
9
Let w = -3 + 5. Suppose -w*x - 5*d + 12 = -3*d, 0 = -3*x - 2*d + 13. Suppose x + 26 = g. What is the units digit of g?
7
Suppose 42*w + 46*w = 64*w + 8208. What is the hundreds digit of w?
3
Suppose -49 + 61 = -2*z. Let i(n) = -14*n + 26. Let q be i(z). Let c = 183 - q. What is the units digit of c?
3
Let h(s) = 2*s - 26. Let l be h(15). Suppose -l*u + 2*z + 58 = 0, -4*u - 7 = -4*z - 71. Suppose -5*v + 102 + u = 0. What is the units digit of v?
3
Let v be (-23 + 13)*(0 + 4). Let x = v - -37. What is the units digit of (-1)/((-4)/(-744)*x)?
2
Let a be ((2 - 0) + 96/(-40))*25. Let q be 4/a - ((-188)/20 + -2). Suppose q*r - 12*r + 75 = 0. What is the tens digit of r?
7
Suppose 3*a + 75769 = f, 0 = 2*f - 2*a - 105861 - 45693. What is the tens digit of f?
8
Let a be 27/2 + (-16)/32. Suppose -2*n + 5*g - 2*g = a, -2*g + 15 = 5*n. Suppose -35 - n = -z. What is the tens digit of z?
3
Let d = 40 + -18. Let p = d + -34. What is the tens digit of -3*(212/p + 2)?
4
Suppose 1452364 = 85*c + 323139. What is the ten thousands digit of c?
1
Suppose 10320 = 2*x + 47*d - 42*d, 0 = 2*x + 2*d - 10326. What is the units digit of x?
5
Suppose -3*s = 2*j - 44, 4*j = -3*s + 11 + 23. Suppose s*g = 2*b + 19*g - 2080, -4140 = -4*b + 3*g. What is the tens digit of b?
3
Suppose 15 = 6*a - a. Suppose 0 = -5*f - 5*y + 525, a*y - 4 = 4*y. Let g = -26 + f. What is the units digit of g?
3
Suppose -63048 = 2109*x - 2115*x - 16002. What is the tens digit of x?
4
Let l(c) = -c**2 + 16*c + 19. Let z be l(17). Suppose z*i - 4604 + 1758 = -3*a, 2858 = 3*a - 4*i. What is the hundreds digit of a?
9
Let o(p) = -7*p - 36 + 4*p**2 + 15*p - 20*p. What is the units digit of o(-9)?
6
Let r(g) = -7*g - 90. Let p be r(-14). Suppose 18505 = p*a + 4609. What is the hundreds digit of a?
7
Let s be ((-408)/(-85))/(4/10). Suppose -6 = -s*i + 18. Suppose -i = -4*x + 6. What is the units digit of x?
2
Suppose 5*r + 129 = c, -48 + 674 = 4*c + 2*r. Let t = -56 + c. What is the units digit of t?
8
Let z be (10/15)/((-4)/(-8826)). Suppose -14*q + z + 1049 = 0. What is the tens digit of q?
8
Let f(h) = h + 8. Let g be f(-3). Suppose g*u - 848 - 502 = 0. Suppose 0 = 6*t - t - 5*m - u, 5*m - 162 = -3*t. What is the tens digit of t?
5
Suppose -2*w - y + 20 = -15, -13 = -w + y. Suppose -4*i + 20*i = -w. What is the units digit of ((-232)/32 + 8)*(233 + i)?
4
Let s(n) = 6*n**2 - 5*n - 4. Let g be s(4). Let p be (g/16)/((-1)/(-2)). Suppose -3*i - 264 = -p*i. What is the tens digit of i?
4
Let b be (-73542)/4*(-6)/9 + -1. Suppose -5*p = -5*w - b + 4776, -7516 = -5*p - 4*w. What is the thousands digit of p?
1
What is the hundreds digit of (-2)/3*3430404/(-184)?
4
What is the hundreds digit of (-80862)/(-5) + (-1888)/(-1180)?
1
Let b = -2 - 4. Let l be -2*((-7)/(21/b) - 0). Let g(w) = -26*w - 15. What is the tens digit of g(l)?
8
What is the hundreds digit of 10056 - -4 - -1*(10 + -8)?
0
Suppose 0 = k - 14464 + 8191. What is the tens digit of k?
7
Let f(u) = 2*u**3 + 13*u**2 + 6*u - 20. Let b be f(6). Suppose 0 = -3*o - 13 + b. What is the hundreds digit of o?
3
Let q = 206 - 360. Let i = q + 399. What is the tens digit of i?
4
Let w(o) = 667*o**2 - 97*o. What is the ten thousands digit of w(5)?
1
Let y(c) = 4*c + 13. Let b be y(-3). Suppose b = 2*p - 3. Suppose 2*n + 4 = 0, 4*m - 518 = -5*n + p*n. What is the hundreds digit of m?
1
Let l(b) = -b**3 + 14*b**2 + 14*b + 19. Let a be l(15). Suppose 13 = -a*s + 1. What is the units digit of ((-1)/(-3))/(s/(-783))?
7
Suppose -88*z - 10320 = -92*z. Suppose z = -2*l + 6*l. Let j = -446 + l. What is the units digit of j?
9
Suppose 9*v + 3809 = 1442. Let a = v - -493. What is the units digit of a?
0
Let z(r) = -r**2 - 20*r + 13. Let s be z(-13). Suppose 0 = -q - q - s. What is the tens digit of (-22)/1*(q/8 - -4)?
5
Let n(b) = 194*b**2 + 46. What is the tens digit of n(-9)?
6
Let l = -248 + 587. Let z = l - 34. What is the tens digit of z?
0
Let p = -487 - -483. What is the units digit of 23112/96*p/(-1)?
3
Let q(o) = -2*o - 27. Let m be q(-13). Let l be 3 + 0/m - (-39 - 0). Suppose -41*h = -l*h + 14. What is the tens digit of h?
1
Let i = -199 + 443. Let t = 542 - 562. What is the units digit of (i/3)/(t/(-30))?
2
Suppose -9*x + 3913 = -16*x. Let f = x + 915. What is the tens digit of f?
5
Suppose -26*r + 1127 = -2305. Suppose -x - r - 185 = -4*l, x - 78 = -l. What is the units digit of l?
9
Let k(b) = -b**2 + 21*b - 62. Let v be k(13). Suppose -22*l = -23*l + v. What is the units digit of l?
2
Let b = 6355 - -24153. What is the units digit of b?
8
Let i = -109934 + 156622. What is the tens digit of i?
8
Let x = 29 - -76. Let l(d) = d**2 - 76*d + 79. Let o be l(75). Suppose o*k - 777 + x = 0. What is the units digit of k?
8
Let c(r) = -366*r + 229. What is the tens digit of c(-19)?
8
Let o(v) = -53*v + 66. Let c be o(6). Let s = -166 - c. What is the tens digit of s?
8
Suppose -2*a + 7908 = -1474. Let o = -2768 + a. What is the hundreds digit of o?
9
Suppose 8*b - 10 = 3*b. Suppose -b*w + 52 = 46. Suppose -w*k + 448 = 4*k. What is the tens digit of k?
6
Suppose v = j - 135 - 1746, 9377 = -5*v - 2*j. Let p = v + 3081. What is the units d